{"id":1522,"date":"2018-09-12T14:08:12","date_gmt":"2018-09-12T12:08:12","guid":{"rendered":"http:\/\/www.simple-spin.com\/?page_id=1522"},"modified":"2018-09-12T14:20:19","modified_gmt":"2018-09-12T12:20:19","slug":"schweiz","status":"publish","type":"page","link":"https:\/\/www.simple-spin.com\/?page_id=1522","title":{"rendered":"Schweiz"},"content":{"rendered":"<p>Ich reise seit einiger Zeit regelm\u00e4\u00dfig in die Schweiz. Hier erz\u00e4hle ich euch ein wenig dar\u00fcber. &nbsp;Bald!<\/p>\n<p><a href=\"https:\/\/www.simple-spin.com\/?attachment_id=1530\" rel=\"attachment wp-att-1530\"><img fetchpriority=\"high\" decoding=\"async\" class=\"alignleft size-large wp-image-1530\" src=\"https:\/\/www.simple-spin.com\/blog\/wp-content\/uploads\/2018\/09\/DSF2399-e1536754789326-400x600.jpg\" alt=\"\" width=\"400\" height=\"600\" srcset=\"https:\/\/www.simple-spin.com\/blog\/wp-content\/uploads\/2018\/09\/DSF2399-e1536754789326-400x600.jpg 400w, https:\/\/www.simple-spin.com\/blog\/wp-content\/uploads\/2018\/09\/DSF2399-e1536754789326-200x300.jpg 200w, https:\/\/www.simple-spin.com\/blog\/wp-content\/uploads\/2018\/09\/DSF2399-e1536754789326-768x1152.jpg 768w, https:\/\/www.simple-spin.com\/blog\/wp-content\/uploads\/2018\/09\/DSF2399-e1536754789326-1140x1710.jpg 1140w, https:\/\/www.simple-spin.com\/blog\/wp-content\/uploads\/2018\/09\/DSF2399-e1536754789326.jpg 1333w\" sizes=\"(max-width: 400px) 100vw, 400px\" \/><\/a><\/p>\n<p>&nbsp;<\/p>\n<input class=\"fooboxshare_post_id\" type=\"hidden\" value=\"1522\"\/>","protected":false},"excerpt":{"rendered":"<p>Ich reise seit einiger Zeit regelm\u00e4\u00dfig in die Schweiz. Hier erz\u00e4hle ich euch ein wenig dar\u00fcber. &nbsp;Bald! &nbsp;<\/p>\n","protected":false},"author":2,"featured_media":0,"parent":0,"menu_order":0,"comment_status":"closed","ping_status":"closed","template":"","meta":{"ngg_post_thumbnail":0,"footnotes":""},"class_list":["post-1522","page","type-page","status-publish","hentry"],"acf":[],"_links":{"self":[{"href":"https:\/\/www.simple-spin.com\/index.php?rest_route=\/wp\/v2\/pages\/1522","targetHints":{"allow":["GET"]}}],"collection":[{"href":"https:\/\/www.simple-spin.com\/index.php?rest_route=\/wp\/v2\/pages"}],"about":[{"href":"https:\/\/www.simple-spin.com\/index.php?rest_route=\/wp\/v2\/types\/page"}],"author":[{"embeddable":true,"href":"https:\/\/www.simple-spin.com\/index.php?rest_route=\/wp\/v2\/users\/2"}],"replies":[{"embeddable":true,"href":"https:\/\/www.simple-spin.com\/index.php?rest_route=%2Fwp%2Fv2%2Fcomments&post=1522"}],"version-history":[{"count":3,"href":"https:\/\/www.simple-spin.com\/index.php?rest_route=\/wp\/v2\/pages\/1522\/revisions"}],"predecessor-version":[{"id":1531,"href":"https:\/\/www.simple-spin.com\/index.php?rest_route=\/wp\/v2\/pages\/1522\/revisions\/1531"}],"wp:attachment":[{"href":"https:\/\/www.simple-spin.com\/index.php?rest_route=%2Fwp%2Fv2%2Fmedia&parent=1522"}],"curies":[{"name":"wp","href":"https:\/\/api.w.org\/{rel}","templated":true}]}}